hen 3621406 is divided by 11?
8
What is the remainder when 195878 is divided by 195870?
8
What is the remainder when 6650 is divided by 1633?
118
Calculate the remainder when 56608 is divided by 6.
4
Calculate the remainder when 10642 is divided by 1851.
1387
What is the remainder when 53390 is divided by 413?
113
Calculate the remainder when 64477 is divided by 64466.
11
Calculate the remainder when 10103 is divided by 1293.
1052
What is the remainder when 4342924 is divided by 23?
18
Calculate the remainder when 607775 is divided by 156.
155
Calculate the remainder when 4149 is divided by 15.
9
Calculate the remainder when 2728 is divided by 670.
48
Calculate the remainder when 97551 is divided by 318.
243
What is the remainder when 2095 is divided by 103?
35
What is the remainder when 6863 is divided by 104?
103
What is the remainder when 53474 is divided by 705?
599
What is the remainder when 386147 is divided by 13?
8
Calculate the remainder when 16933 is divided by 140.
133
Calculate the remainder when 235880 is divided by 211.
193
What is the remainder when 6152 is divided by 442?
406
Calculate the remainder when 408776 is divided by 17.
11
Calculate the remainder when 246185 is divided by 411.
407
Calculate the remainder when 12316 is divided by 55.
51
What is the remainder when 3549 is divided by 67?
65
What is the remainder when 123412 is divided by 21?
16
What is the remainder when 1614 is divided by 199?
22
What is the remainder when 27020 is divided by 158?
2
Calculate the remainder when 2586 is divided by 1154.
278
Calculate the remainder when 105916 is divided by 105897.
19
Calculate the remainder when 25857 is divided by 5.
2
Calculate the remainder when 11782 is divided by 3902.
76
Calculate the remainder when 8636 is divided by 346.
332
What is the remainder when 39378 is divided by 184?
2
Calculate the remainder when 55576 is divided by 28.
24
What is the remainder when 49817 is divided by 5528?
65
Calculate the remainder when 84312 is divided by 78.
72
What is the remainder when 10477 is divided by 451?
104
Calculate the remainder when 60680 is divided by 714.
704
What is the remainder when 2099 is divided by 185?
64
What is the remainder when 6625 is divided by 157?
31
Calculate the remainder when 2083 is divided by 476.
179
What is the remainder when 12970 is divided by 12656?
314
Calculate the remainder when 2252607 is divided by 486.
483
What is the remainder when 43089 is divided by 266?
263
Calculate the remainder when 99885 is divided by 16.
13
What is the remainder when 12917 is divided by 12878?
39
Calculate the remainder when 186072 is divided by 253.
117
What is the remainder when 8713 is divided by 458?
11
What is the remainder when 13950 is divided by 6653?
644
Calculate the remainder when 6197 is divided by 8.
5
What is the remainder when 165594 is divided by 14?
2
What is the remainder when 173296 is divided by 16?
0
What is the remainder when 8886 is divided by 35?
31
What is the remainder when 4539 is divided by 407?
62
What is the remainder when 12873 is divided by 40?
33
What is the remainder when 14093 is divided by 231?
2
Calculate the remainder when 18049 is divided by 1289.
3
Calculate the remainder when 27350 is divided by 72.
62
Calculate the remainder when 3289 is divided by 193.
8
What is the remainder when 2974 is divided by 225?
49
What is the remainder when 982041 is divided by 98203?
11
Calculate the remainder when 65512 is divided by 1532.
1168
Calculate the remainder when 3044 is divided by 731.
120
Calculate the remainder when 14202 is divided by 1178.
66
Calculate the remainder when 986 is divided by 475.
36
What is the remainder when 179 is divided by 61?
57
What is the remainder when 4377 is divided by 76?
45
What is the remainder when 42363 is divided by 14115?
18
What is the remainder when 3992 is divided by 386?
132
What is the remainder when 87712 is divided by 9?
7
What is the remainder when 422 is divided by 277?
145
What is the remainder when 52149 is divided by 57?
51
What is the remainder when 584463 is divided by 37?
11
Calculate the remainder when 6195 is divided by 453.
306
Calculate the remainder when 1810797 is divided by 400.
397
Calculate the remainder when 4833 is divided by 32.
1
Calculate the remainder when 75609 is divided by 25.
9
What is the remainder when 34517 is divided by 61?
52
Calculate the remainder when 21397 is divided by 258.
241
Calculate the remainder when 7480 is divided by 3737.
6
Calculate the remainder when 26460 is divided by 2644.
20
Calculate the remainder when 17534 is divided by 51.
41
Calculate the remainder when 19406 is divided by 9693.
20
What is the remainder when 16358 is divided by 63?
41
What is the remainder when 1348 is divided by 76?
56
What is the remainder when 3996 is divided by 2699?
1297
What is the remainder when 32534 is divided by 115?
104
What is the remainder when 124497 is divided by 316?
309
What is the remainder when 788420 is divided by 275?
270
Calculate the remainder when 3658 is divided by 2719.
939
What is the remainder when 5983 is divided by 8?
7
What is the remainder when 16348 is divided by 5445?
13
Calculate the remainder when 59937 is divided by 30.
27
Calculate the remainder when 5846 is divided by 1158.
56
What is the remainder when 15531 is divided by 322?
75
What is the remainder when 2791 is divided by 13?
9
What is the remainder when 111743 is divided by 880?
863
What is the remainder when 234068 is divided by 9002?
16
Calculate the remainder when 249219 is divided by 84.
75
Calculate the remainder when 2145 is divided by 259.
73
What is the remainder when 86097 is divided by 3583?
105
Calculate the remainder when 48818 is divided by 15.
8
Calculate the remainder when 8545 is divided by 9.
4
Calculate the remainder when 183 is divided by 158.
25
Calculate the remainder when 34197 is divided by 363.
75
What is the remainder when 58325 is divided by 1390?
1335
Calculate the remainder when 117674 is divided by 116.
50
Calculate the remainder when 42950 is divided by 537.
527
Calculate the remainder when 18555 is divided by 975.
30
What is the remainder when 27892 is divided by 499?
447
What is the remainder when 1301 is divided by 103?
65
What is the remainder when 7382 is divided by 1229?
8
What is the remainder when 244013 is divided by 61002?
5
What is the remainder when 3000 is divided by 187?
8
Calculate the remainder when 15841 is divided by 23.
17
Calculate the remainder when 451457 is divided by 1946.
1931
Calculate the remainder when 178947 is divided by 544.
515
What is the remainder when 1753163 is divided by 1264?
1259
Calculate the remainder when 10287 is divided by 156.
147
What is the remainder when 2904 is divided by 14?
6
Calculate the remainder when 5425348 is divided by 15.
13
Calculate the remainder when 6143 is divided by 227.
14
Calculate the remainder when 22233 is divided by 353.
347
What is the remainder when 732548 is divided by 91?
89
What is the remainder when 73323 is divided by 175?
173
What is the remainder when 40533 is divided by 8?
5
Calculate the remainder when 13202 is divided by 2811.
1958
What is the remainder when 164292 is divided by 21?
9
What is the remainder when 169736 is divided by 169733?
3
What is the remainder when 56274 is divided by 7034?
2
Calculate the remainder when 12357 is divided by 20.
17
Calculate the remainder when 317 is divided by 56.
37
What is the remainder when 24327 is divided by 695?
2
What is the remainder when 61096 is divided by 663?
100
Calculate the remainder when 2450 is divided by 80.
50
Calculate the remainder when 2825 is divided by 2366.
459
Calculate the remainder when 322600 is divided by 63.
40
Calculate the remainder when 31775092 is divided by 1507.
1504
What is the remainder when 1179 is divided by 33?
24
Calculate the remainder when 4498 is divided by 748.
10
Calculate the remainder when 642945 is divided by 12.
9
Calculate the remainder when 131995 is divided by 23.
21
What is the remainder when 11593 is divided by 1053?
10
Calculate the remainder when 1529 is divided by 696.
137
What is the remainder when 2638 is divided by 840?
118
Calculate the remainder when 1429643 is divided by 476545.
8
Calculate the remainder whe